rmine o(-12).
-6
Let g(s) = -s**3 - 9*s**2 - s + 31. Give g(-9).
40
Let o(s) = 3*s**2 + 28*s - 7. Determine o(-10).
13
Let l(h) = h**3 + 17*h**2 - 23*h - 27. Give l(-18).
63
Let t(v) = -v**3 + 5*v**2 - 2*v - 2. Determine t(3).
10
Let t(c) = c**3 - 3*c**2 + 2*c - 1. Give t(4).
23
Let p(v) = -15*v - 392. Give p(-27).
13
Let z(j) = 5*j + 5. Determine z(1).
10
Let r(q) = 18*q - 2. Determine r(2).
34
Let k(y) = -y**2 + 8*y - 42. Determine k(6).
-30
Let t(w) = -w**2 + 7*w + 4. What is t(-2)?
-14
Let l(m) = -m**3 - 9*m**2 - 15*m - 8. Calculate l(-7).
-1
Let a(l) = 12*l - 2. Give a(6).
70
Let v(s) = -s + 12. Determine v(0).
12
Let w(n) = -n**3 + 5*n**2 + 3*n - 9. Determine w(6).
-27
Let n(g) = g**2 + 10*g - 15. What is n(-11)?
-4
Let i(j) = j**2 - 30*j + 114. Determine i(24).
-30
Let b(q) = q**3 - 31*q**2 + 132*q - 50. What is b(26)?
2
Let s(q) = -2*q**2 - 2*q + 1. What is s(-5)?
-39
Let l(t) = t**2 - 21*t + 38. Calculate l(19).
0
Let s(h) = 2*h + 2. Calculate s(-2).
-2
Let x(a) = -5*a + 15. Give x(8).
-25
Let y(a) = -67*a + 277. What is y(4)?
9
Let o(a) = a. Determine o(1).
1
Let w(d) = 6*d - 3. What is w(3)?
15
Let q(i) = 8*i - 11. Give q(-14).
-123
Let v(k) = k**2 - 4*k + 2. Give v(1).
-1
Let t(k) = k**2 + 12*k - 20. What is t(-12)?
-20
Let p(c) = -c**2 + 6*c - 20. What is p(5)?
-15
Let j(w) = -2*w**3 + 44*w**2 - 42*w - 10. What is j(21)?
-10
Let k(a) = a - 6. Give k(7).
1
Let a(m) = -m**3 + 5*m**2 + m - 2. Determine a(4).
18
Let n(t) = t**3 - 9*t**2 - 16*t + 10. What is n(11)?
76
Let n(j) = -2*j**3 + 12*j**2 + 5*j - 9. Calculate n(6).
21
Let l(p) = -3*p + 84. What is l(30)?
-6
Let u(x) = -x**3 - 4*x**2 + 4*x - 9. Calculate u(-5).
-4
Let m(z) = z + 5. What is m(-11)?
-6
Let q(y) = -2*y + 27. Calculate q(9).
9
Let h(c) = -c**2 - 18*c - 38. Determine h(-15).
7
Let v(c) = -c**3 + 5*c**2 + 3*c - 10. What is v(5)?
5
Let n(i) = i**3 + 21*i**2 - 26. Give n(-21).
-26
Let n(f) = -f**2 + 10*f + 9. Calculate n(7).
30
Let w(i) = -10*i - 10. Calculate w(-3).
20
Let i(o) = 2*o**2 + 13*o + 6. Calculate i(-4).
-14
Let o(z) = z**3 - 5*z**2 - z - 10. Give o(5).
-15
Let w(p) = -3*p**2 - 14*p + 9. What is w(-6)?
-15
Let h(k) = -k**3 + 25*k**2 + 52*k + 40. Give h(27).
-14
Let d(o) = 39*o - 201. Give d(5).
-6
Let x(w) = w**2 - 14*w + 3. Determine x(15).
18
Let v(i) = -i**3 + 2*i**2 + 17*i + 8. Calculate v(6).
-34
Let d(r) = -r**3 - r**2 - r + 1. What is d(1)?
-2
Let l(x) = x**2 + 19*x + 34. What is l(-14)?
-36
Let w(h) = 2*h**2 + 3*h - 8. Calculate w(-4).
12
Let w(c) = c**3 - 4*c**2 - 26*c + 16. What is w(8)?
64
Let u(v) = -v**3 + 7*v**2 - 8. Determine u(7).
-8
Let q(p) = 3*p**2 - 5*p + 11. What is q(3)?
23
Let t(g) = -4*g**3 + g**2 + 3*g - 5. Determine t(2).
-27
Let i(f) = -f**2 - 26*f - 112. Calculate i(-6).
8
Let a(i) = -i + 5. Determine a(2).
3
Let h(p) = -5*p - 7. Give h(-9).
38
Let b(c) = -4*c - 21. Determine b(-6).
3
Let t(n) = n - 8. Give t(0).
-8
Let l(j) = j**2 + j - 6. Give l(4).
14
Let y(x) = 47*x**2 + 2*x + 2. Give y(-1).
47
Let u(d) = 6*d**2 + d + 6. Determine u(-4).
98
Let s(r) = -r**3 - 10*r**2 - r - 1. Calculate s(-10).
9
Let w(c) = -c**3 - 19*c**2 - 17*c + 18. Calculate w(-18).
0
Let s(k) = -k**2 - 37*k + 75. Calculate s(-39).
-3
Let r(q) = 4*q - 1. Give r(4).
15
Let b(d) = -d**3 - d**2 + d + 15. Calculate b(0).
15
Let n(j) = -2*j**3 + 6*j**2 - 5*j - 2. Determine n(3).
-17
Let v(f) = 6*f + 3. What is v(-2)?
-9
Let j(m) = 5*m**2 - 7*m + 3. Calculate j(2).
9
Let n(r) = 5*r**3 - 4*r**2 + 3*r + 2. Give n(2).
32
Let y(c) = 5*c**2 + 2*c - 3. Give y(2).
21
Let y(h) = -h**3 + 15*h**2 - h - 25. Determine y(15).
-40
Let t(r) = -35*r - 207. Determine t(-6).
3
Let c(r) = r**3 + 8*r**2 + 9*r + 14. Give c(-6).
32
Let m(j) = 32*j - 260. What is m(8)?
-4
Let o(i) = 3*i**2 + i - 1. Give o(-2).
9
Let h(p) = -4*p**2 - 22*p - 10. What is h(-6)?
-22
Let i(r) = -r**2 - 5*r - 8. Calculate i(-7).
-22
Let f(x) = 48*x**3 - x**2 - x. Determine f(-1).
-48
Let d(w) = 2*w**2 - 28*w - 5. Determine d(14).
-5
Let t(w) = -w**2 + 9*w + 46. What is t(11)?
24
Let s(o) = -11*o + 2. Calculate s(-2).
24
Let o(v) = -v**2 - 26*v - 57. Give o(-23).
12
Let i(y) = -2*y**3 - 5*y**2 - 3*y + 2. Determine i(-2).
4
Let r(f) = f**3 - 10*f**2 + f - 8. Give r(10).
2
Let w(m) = -m - 11. Determine w(10).
-21
Let b(y) = -6*y**3 - y**2 - 3*y + 2. What is b(-2)?
52
Let s(t) = -t + 34. Give s(14).
20
Let r(p) = 2*p - 38. Determine r(17).
-4
Let x(u) = -u**3 + 6*u**2 + 5*u + 2. What is x(6)?
32
Let c(j) = j**2 - 8*j + 1. Determine c(6).
-11
Let k(d) = d**3 - 14*d**2 - 21*d - 183. What is k(16)?
-7
Let z(g) = g**2 - 3*g - 11. Give z(10).
59
Let h(c) = c**3 + 18*c**2 - 4*c - 78. Give h(-18).
-6
Let h(s) = -s - 2. Calculate h(2).
-4
Let g(w) = w**3 - 19*w**2 + 18*w - 18. Give g(18).
-18
Let s(y) = -y**2 - 9*y - 51. Give s(-8).
-43
Let h(b) = -3*b + 20. Determine h(-5).
35
Let r(k) = k**2 - 2*k - 5. Give r(3).
-2
Let g(k) = -k**2 + 11*k - 11. What is g(9)?
7
Let b(q) = q**3 - 8*q**2 + 7*q - 5. Give b(7).
-5
Let r(y) = -y**3 + 67*y**2 - 3*y + 193. Give r(67).
-8
Let v(z) = -21*z - 130. What is v(-6)?
-4
Let g(x) = 2*x**2 - 18*x + 6. Determine g(9).
6
Let z(r) = r**3 - 7*r**2 - 9*r - 5. Calculate z(7).
-68
Let k(m) = -19*m + 26. Give k(1).
7
Let z(a) = -a**3 - 7*a**2 + 10*a - 8. Calculate z(-8).
-24
Let z(l) = -l**2 + 13*l - 3. Calculate z(13).
-3
Let v(g) = -6*g - 19. What is v(-4)?
5
Let z(v) = -v**3 + 7*v**2 - 4*v + 22. Calculate z(7).
-6
Let m(f) = 14*f - 74. What is m(6)?
10
Let y(r) = -r**3 + 20*r**2 + 20*r. Determine y(21).
-21
Let s(h) = 6*h + 16. Calculate s(-5).
-14
Let i(z) = -z**3 + 5*z**2 + 11*z + 15. Determine i(7).
-6
Let w(c) = -c**3 - 5*c**2 - 2*c + 8. Give w(-3).
-4
Let t(c) = -c**2 + 14*c + 10. What is t(15)?
-5
Let z(q) = 4*q - 106. Give z(25).
-6
Let l(r) = 2*r + 35. Determine l(-13).
9
Let z(l) = l**2 - 19*l + 37. Determine z(15).
-23
Let b(c) = -c**2 + 8*c - 9. What is b(6)?
3
Let h(f) = -f**3 + 14*f**2 - 12*f + 1. Calculate h(13).
14
Let b(h) = h**3 + 13*h**2 + 8*h + 11. Determine b(-12).
59
Let y(v) = v**3 - 5*v**2 - 7*v - 8. Calculate y(6).
-14
Let f(c) = 22*c - 107. Give f(5).
3
Let c(y) = y**2 + 21*y + 58. Determine c(-17).
-10
Let r(y) = y**2 - y - 20. Calculate r(-5).
10
Let n(g) = -8*g**2 - 12*g - 4. What is n(-5)?
-144
Let o(a) = a**3 + 7*a**2 + 6*a + 3. Determine o(-5).
23
Let m(n) = n**3 + 32*n**2 + 18. What is m(-32)?
18
Let n(d) = 6*d**2 + 3. Determine n(2).
27
Let z(f) = -5*f + 14. Determine z(-8).
54
Let g(z) = -z**3 + 3*z - 2. Calculate g(1).
0
Let r(d) = -2*d + 4. Determine r(-6).
16
Let l(y) = -6*y - 8. Give l(0).
-8
Let i(g) = g**3 - 19*g**2 + 22*g - 57. Calculate i(18).
15
Let r(n) = -6*n - 57. Give r(-4).
-33
Let z(p) = p**3 - p**2 - 7*p - 11. Give z(-2).
-9
Let p(m) = -m**2 - 11*m + 20. Determine p(-9).
38
Let n(c) = c**3 + 3*c**2 - 6*c - 5. Determine n(-4).
3
Let j(l) = -l**3 + 5*l**2 + 2*l + 4. Calculate j(5).
14
Let i(v) = 4*v**2 + 3*v + 4. Calculate i(3).
49
Let z(a) = -a**2 + 12*a - 16. Calculate z(10).
4
Let b(r) = 3*r + 15. What is b(-7)?
-6
Let i(k) = 68*k**2. Determine i(-1).
68
Let b(h) = 9*h + 5. Determine b(2).
23
Let r(d) = d**3 + 23*d**2 - 3*d - 87. What is r(-23)?
-18
Let r(c) = -c**2 + 2. Determine r(-2).
-2
Let l(t) = t**3 - 10*t**2 - 11*t. What is l(11)?
0
Let q(u) = -u**3 - 4*u**2 - 3*u. Determine q(-3).
0
Let w(f) = -f**2 + 19*f + 49. What is w(21)?
7
Let d(a) = 3*a + 18. Give d(6).
36
Let p(r) = 4*r + 3. What is p(-1)?
-1
Let y(m) = m**2 + 14*m + 29. What is y(-6)?
-19
Let q(g) = 3*g**2 + 2*g - 12. Give q(-4).
28
Let f(j) = j - 69. What is f(40)?
-29
Let n(z) = -z**2 + 6*z - 50. What is n(9)?
-77
Let f(p) = -p - 14. Determine f(6).
-20
Let o(k) = -k - 15. What is o(7)?
-22
Let q(f) = -18*f + 50. Calculate q(3).
-4
Let r(q) = 2*q**2 + 19*q + 44. Determine r(-3).
5
Let u(o) = 14*o - 3. Determine u(3).
39
Let j(u) = -18*u + 2. Determine j(2).
-34
Let x(j) = -9*j - 110. Calculate x(-12).
-2
Let o(s) = -s**3 - 8*s**2 - 8*s - 11. What is o(-7)?
-4
Let g(o) = -20*o - 49. What is g(-9)?
131
Let v(p) = -p**3 - 14*p**2 - 4*p - 10. Give v(-14).
46
Let y(n) = -n**2 - 39*n - 330. Calculate y(-12).
-6
Let o(u) = -26*u - 10. Give o(2).
-62
Let s(b) = -12*b - 9. Give s(5).
-69
Let h(k) = -6*k**3 + 2*k**2 - 1. Determine h(-1).
7
Let c(w) = w**3 - w**2 - w - 7. Giv